 = -442 - -3851. Is b prime?
False
Let b be 72/20 - (-3)/(-5). Suppose 3*p - b*j - 2*j - 79 = 0, 64 = 3*p - 2*j. Is 6/p - (-3340)/6 prime?
True
Is (1/4)/(14/392) - -26076 a composite number?
False
Suppose -10*f - 4 = -11*f. Let s be (128 - f) + (-6)/(-2). Is (3 - 8)*s/(-5) composite?
False
Let m(v) be the first derivative of 3*v**2 - 19*v + 255. Let d(u) = 15*u**2 + 2*u - 1. Let l be d(1). Is m(l) a prime number?
False
Suppose t - 3169 - 129 = -d, -2*t + 3*d + 6601 = 0. Is t a composite number?
False
Suppose -2*o + 6 = -5*o, 3*o = -5*b - 6. Suppose b = 14*a - 9*a - 590. Let f = a + 63. Is f a composite number?
False
Let z = -412 - -1126. Let w = 1601 - z. Is w composite?
False
Let f(g) be the third derivative of -55*g**4/24 + 2*g**3 - 105*g**2. Suppose 3*c + 14 = c. Is f(c) a prime number?
True
Suppose 18 = 3*i + 2*r - r, -i + 5*r + 6 = 0. Suppose -3*p + 0*p = -i. Suppose 3*q = -2*g + 577, g + 1459 = 6*g + p*q. Is g prime?
True
Suppose 5*x - 88263 = b - 5*b, 3*x = -3*b + 52959. Is x composite?
True
Suppose 2*y + 18071 - 2007 = 0. Let v = -5015 - y. Is v composite?
True
Let f = 101 - 97. Suppose -s = -5*a + 14607, 0 = 5*a + f*s - 11611 - 2986. Is a a prime number?
False
Suppose -18*m = 15*m - 3020853. Is m composite?
False
Suppose 3*d - 36*r = -34*r + 61969, -5*r = 5*d - 103240. Is d a composite number?
True
Suppose -3*i = -11 + 26. Let o = 361 + i. Let g = -133 + o. Is g composite?
False
Let n(d) = 7*d**2 + 3*d + 6. Let t(k) = 6*k**2 + 2*k + 5. Let l(v) = 5*n(v) - 6*t(v). Let q be l(3). Is (q + 1)/2*254 a prime number?
True
Let d = 3850 + -2727. Is d composite?
False
Suppose -3*k + 204 = k - x, -36 = -k + 4*x. Suppose k + 583 = -5*p. Let a = p - -213. Is a prime?
False
Suppose -6 = -2*y, -u = 3*u + y - 11. Suppose -4 = q, -2*b + 848 = -4*q + u*q. Suppose 0 = 2*h - 154 - b. Is h a composite number?
True
Suppose -g + 3*g = -2*q + 14156, -5*g - 3*q + 35390 = 0. Is g composite?
True
Is (-336)/616 - (-74861)/11 prime?
False
Suppose 5*q + 71 = 1776. Suppose -q = -o + i, -4*o - o - i = -1735. Is o a composite number?
True
Let r(h) be the first derivative of -h**4/4 + 2*h**3 + 2*h**2 + 4*h + 2. Let y = -95 - -100. Is r(y) a composite number?
True
Suppose -4*p - 3*f = -9272, 4*p = 3*f + 5812 + 3484. Is p a composite number?
True
Suppose -2*r + 3*r - 5*g = 2293, -2*r = -5*g - 4586. Is r a prime number?
True
Let g = -165 - -73. Let t = g + 269. Is t composite?
True
Suppose 5*a + 10880 = 5*s, 0 = 4*s - 5*s - a + 2182. Is s a composite number?
False
Let v = 5117 - -1026. Is v a prime number?
True
Let x = 71 - -48. Is -4*x*(-1)/4 composite?
True
Suppose -3*y + 3*k + 340 = 2*y, 3*k + 56 = y. Let o = 104 - y. Is o prime?
False
Let c = 2001 - 1313. Suppose 5*h + 2*d = 367 + 484, 0 = -4*h - 4*d + c. Let i = h + -100. Is i composite?
True
Let l = 10043 + -1216. Suppose -l = -3*f + 1280. Is f a prime number?
False
Let m(c) = -4653*c + 1390. Is m(-27) prime?
False
Suppose -z + 1688 = -536. Suppose -2*s + 0*s = -z. Suppose a - 555 = 2*h, a = -a + 3*h + s. Is a prime?
False
Let f(q) = q**2 - 2*q + 3. Let l be f(3). Is (-3)/(l/(-31))*22 prime?
False
Let b = 37 - 24. Suppose p - b = 132. Is p composite?
True
Let r = -11 - -16. Suppose 2*p + c + 678 = r*p, -p + 5*c = -226. Suppose 2*o = -4*m + p, -o - 441 = -5*o + 3*m. Is o a prime number?
False
Let h(p) = 2*p**3 - 2*p**2 - p - 2. Let g be h(2). Suppose 3*z + 3*x = -0*x + 12, g = z + 3*x. Suppose z*k + 177 = 7*k. Is k a prime number?
True
Let f be (-10)/(-4)*160/(-100). Let r be (f + 6)/2 + 1. Suppose -m = r*j - 237, 3*j - 3*m = j + 241. Is j a composite number?
True
Let k = -4563 + 10070. Is k composite?
False
Let f be (-3*((-44)/(-12) - 0))/(-1). Let s(z) be the third derivative of z**5/20 - 3*z**4/8 + z**3/2 + z**2. Is s(f) a prime number?
False
Suppose 3*z + 6 = 5*x - 19, -12 = 4*x + 4*z. Suppose x*s = -4*s + 4098. Let q = s + -462. Is q prime?
False
Let v(l) be the first derivative of -41*l**2 - 16*l + 3. Let y be v(7). Is 52/(-13) - y/2 a prime number?
False
Suppose 14829 = 11*t + 5600. Is t prime?
True
Let i = 167 - 340. Suppose -59 + 9 = o. Let h = o - i. Is h a composite number?
True
Let t = -9049 - -17184. Is t a prime number?
False
Suppose 8*z - 3*z - 949 = -3*f, -3*z + 6 = 0. Let c = 564 - f. Is c prime?
True
Let m = 19 + -10. Let o = -4 + m. Suppose -3*t + 5*t = -o*w + 49, 2*w + 5*t = 7. Is w composite?
False
Let l = -55 - -57. Suppose -125 = -l*x + 489. Is x a composite number?
False
Let s(d) = -d**2 + 4*d - 1. Let b be s(3). Suppose 0 = b*u + u. Suppose h + 33 - 340 = u. Is h composite?
False
Let g = 55368 + -38497. Is g a composite number?
False
Suppose 285*c + z = 290*c - 7360, -5*z - 7380 = -5*c. Is c a composite number?
False
Is (4109/14)/((-69)/(-66) - 1) a composite number?
True
Let t(y) = 83*y**2 - 15*y + 11. Is t(-5) a composite number?
False
Suppose -7*n + 799 = 246. Let y = 844 + n. Is y composite?
True
Suppose 1142489 = 78*y - 891673. Is y composite?
True
Let r(k) = 2*k + 12. Let w be r(-6). Suppose 5*n = 5*p + 25230, -2*p + 0*p + 10 = w. Is n prime?
True
Suppose l + 2*v = 165, v - 3*v + 491 = 3*l. Suppose -6*w + 419 = -l. Is w composite?
False
Let m(z) = -222*z - 171. Is m(-20) a prime number?
False
Let r = 31 + -19. Let n(t) = t**2 - 11*t - 8. Let h be n(r). Is (-8 + h)/(2/(-13)) a composite number?
True
Is 4/6 - 1 - 758768/(-141) prime?
True
Let p = 38 + -36. Suppose 3*l + 1 = u - 1, 24 = 2*u - l. Suppose 80 = p*s + u. Is s prime?
False
Suppose j - 5*t - 1306 = 0, 5*j + 4*t - 5152 = j. Is j prime?
True
Let t = -2 - -5. Suppose t*f = -12, -4*f - 377 = -4*r + 391. Let u = r + -54. Is u a prime number?
False
Suppose -2*n - 86 + 16 = 0. Let m be (42/5)/((-1)/n). Let j = m + -83. Is j prime?
True
Let q = -543 - -1913. Suppose -8*p = -13*p + q. Suppose -h + 0*h + 147 = 5*y, -5*y = 2*h - p. Is h a composite number?
False
Suppose -3*c + 15 = 0, 0 = -r + c - 3*c + 16. Let a(p) = 10*p**3 + 6*p**2 - 8*p + 5. Is a(r) composite?
False
Let o(f) = -3075*f - 4. Is o(-3) a composite number?
False
Let p(f) = 85*f**2 - 2*f - 5. Let j be p(6). Let b be j/(-4) + 2/(-8). Is 4/14 + b/(-7) composite?
False
Let s(g) = 424*g + 159*g + 3 + 132*g - 89*g. Is s(1) a prime number?
False
Let c(o) = -o**3 + 39*o**2 - 143*o + 28. Is c(33) a composite number?
True
Suppose 3*a = 2*a. Suppose 0 = -5*i - a*i + 175. Is i composite?
True
Let x = 1727 - 617. Suppose x = 8*o - 3*o. Suppose 4*t - 192 = -4*g, 5*g - 5*t = -t + o. Is g prime?
False
Suppose 0 = 2*v - v - 3. Suppose 0 = -3*g + 5*i - 3*i + 375, 384 = v*g + i. Suppose g = 5*b - 198. Is b composite?
True
Let u(f) = 3*f - 3. Let l be u(2). Let o be (-1*4)/(2 - l). Let v(n) = 80*n - 3. Is v(o) prime?
True
Let k be 0/(-1 + -1) + -7. Let x = k + 11. Suppose -1456 = -x*a - 4*g, -a + 0*a + 2*g + 373 = 0. Is a composite?
False
Let t be (-6)/14 - 360/(-105). Let i be (-596)/t + 4/6. Let w = i - -505. Is w composite?
False
Let n = 18 + 6. Is 2119/3 - (-16)/n a prime number?
False
Suppose -11862 = -13*n + 7*n. Is n a composite number?
True
Suppose g = -4*u + 2*u + 28, 4*g + 31 = 3*u. Let i = -13 + u. Suppose -2*q - 3*a = 34 - 160, i = q + 4*a - 53. Is q a prime number?
False
Let k(a) = -a**3 - 2*a**2 + 5*a - 4. Let p be k(-6). Let r(c) = -20*c - 17. Let i be r(-12). Let z = i - p. Is z composite?
False
Let l(j) = 1599*j - 2. Suppose -3*p = -1 - 2. Is l(p) a prime number?
True
Suppose -5*j - 5*r + 24990 = 0, -4*j + 10*r + 19997 = 9*r. Is j prime?
True
Let c(y) = 50*y**2 + 2*y + 1. Let r be c(-1). Suppose 4*z - o = r, 0 = -z + 3*z - 4*o - 42. Is z a prime number?
True
Suppose 11*y + 9132 = 12*y + l, 0 = -4*y - l + 36531. Is y a composite number?
False
Let j(y) = 2*y - 3. Let m be j(4). Suppose m*x + 0*x - 1005 = 2*f, 0 = -2*f - 10. Is x prime?
True
Suppose 0 = -4*k + 5*y + 2933, -2193 = -3*k + 3*y - 6*y. Let z = k - -155. Is z a composite number?
False
Suppose 69*n - 68*n = 1706. Suppose n = -10*r + 12*r. Is r a composite number?
False
Let m(p) = 192*p - 9. Let s be (-2)/(-7) - (-33)/(-14)*-2. Is m(s) a prime number?
False
Let q = 54 - 20. Let a = q + 10. Let f = a - 31. Is f composite?
False
Is (45/(-45))/(4/(-70204)) composite?
False
Suppose 4*o = -5*l - 0*o + 19, 2*o + 8 = 0. Let q = l - 9. Is q/(-7) + 360/14 a prime number?
False
Suppose 0 = 5*h - 3*o - 25821, h - 2*o - 792 - 